on factor of 8975 and 125?
25
What is the highest common divisor of 438 and 354?
6
What is the greatest common divisor of 648 and 3096?
72
Calculate the greatest common factor of 1482 and 874.
38
What is the highest common factor of 220 and 80?
20
What is the highest common factor of 36 and 996?
12
What is the greatest common factor of 2822 and 34?
34
What is the greatest common factor of 155 and 20?
5
What is the highest common divisor of 52 and 624?
52
Calculate the greatest common factor of 25 and 3275.
25
Calculate the greatest common divisor of 80 and 6.
2
What is the highest common factor of 100 and 34700?
100
Calculate the highest common divisor of 56 and 12628.
28
What is the highest common divisor of 78 and 3?
3
Calculate the greatest common factor of 13 and 52.
13
What is the highest common divisor of 4183 and 141?
47
Calculate the greatest common divisor of 135 and 1215.
135
Calculate the highest common factor of 7 and 1.
1
What is the highest common divisor of 6 and 555?
3
Calculate the greatest common factor of 5928 and 364.
52
What is the highest common divisor of 4383 and 9?
9
What is the greatest common factor of 141 and 8601?
141
What is the greatest common factor of 173 and 1?
1
Calculate the highest common divisor of 390 and 1794.
78
Calculate the highest common factor of 143 and 341.
11
Calculate the greatest common divisor of 1212 and 84.
12
What is the greatest common factor of 36 and 72?
36
What is the greatest common divisor of 615 and 90?
15
What is the greatest common divisor of 1040 and 80?
80
What is the greatest common divisor of 44 and 2651?
11
What is the greatest common divisor of 502 and 2?
2
What is the greatest common factor of 336 and 168?
168
Calculate the greatest common divisor of 10 and 48610.
10
What is the highest common factor of 60 and 42?
6
What is the greatest common factor of 123 and 4387?
41
Calculate the highest common divisor of 24 and 744.
24
Calculate the greatest common factor of 1377 and 204.
51
What is the highest common divisor of 40 and 6790?
10
What is the greatest common divisor of 13124 and 68?
68
What is the highest common factor of 176 and 104?
8
What is the highest common factor of 344 and 8?
8
What is the greatest common factor of 150 and 42?
6
Calculate the greatest common divisor of 195 and 16107.
39
Calculate the greatest common factor of 192 and 736.
32
Calculate the greatest common factor of 1436 and 4.
4
What is the highest common factor of 143 and 195?
13
What is the highest common factor of 12 and 54?
6
Calculate the greatest common divisor of 3 and 45.
3
Calculate the highest common factor of 21 and 2051.
7
What is the greatest common divisor of 187 and 517?
11
What is the highest common divisor of 12 and 138?
6
Calculate the greatest common divisor of 2480 and 1550.
310
What is the highest common factor of 48 and 20?
4
What is the greatest common factor of 14299 and 158?
79
Calculate the greatest common factor of 840 and 735.
105
What is the greatest common factor of 328 and 8?
8
Calculate the highest common divisor of 1702 and 74.
74
What is the greatest common factor of 4 and 9656?
4
What is the highest common divisor of 522 and 18?
18
Calculate the greatest common divisor of 1170 and 624.
78
What is the greatest common divisor of 42 and 12?
6
What is the greatest common factor of 1081 and 47?
47
Calculate the greatest common factor of 108 and 135.
27
What is the highest common factor of 6510 and 210?
210
What is the highest common factor of 15 and 72?
3
Calculate the highest common divisor of 540 and 60.
60
Calculate the greatest common factor of 7 and 21.
7
Calculate the highest common factor of 7 and 553.
7
Calculate the greatest common divisor of 413 and 14.
7
What is the highest common divisor of 48 and 36?
12
Calculate the greatest common divisor of 8536 and 22.
22
What is the greatest common factor of 66 and 23991?
33
What is the greatest common factor of 54 and 126?
18
What is the greatest common divisor of 1100 and 88?
44
Calculate the greatest common factor of 3610 and 760.
190
Calculate the highest common divisor of 9 and 201.
3
Calculate the highest common factor of 638 and 58.
58
What is the greatest common divisor of 6076 and 124?
124
Calculate the greatest common factor of 294 and 126.
42
Calculate the greatest common factor of 386 and 6.
2
Calculate the greatest common divisor of 309 and 103.
103
What is the highest common factor of 15 and 393?
3
What is the highest common factor of 62 and 93?
31
What is the highest common divisor of 39 and 429?
39
What is the highest common divisor of 26 and 143?
13
Calculate the greatest common divisor of 80 and 920.
40
Calculate the greatest common factor of 725 and 435.
145
Calculate the highest common factor of 1029 and 21.
21
Calculate the greatest common factor of 12274 and 34.
34
Calculate the greatest common divisor of 9 and 36.
9
Calculate the greatest common divisor of 1484 and 7.
7
Calculate the highest common factor of 18 and 10.
2
Calculate the highest common divisor of 322 and 4876.
46
Calculate the highest common divisor of 40 and 430.
10
What is the highest common divisor of 901 and 17?
17
What is the greatest common factor of 562 and 2?
2
Calculate the greatest common divisor of 464 and 8.
8
What is the greatest common divisor of 340 and 40?
20
Calculate the highest common divisor of 14 and 938.
14
Calculate the highest common factor of 28 and 30604.
28
What is the greatest common factor of 28 and 6489?
7
What is the highest common factor of 2220 and 150?
30
Calculate the highest common divisor of 7 and 14.
7
Calculate the greatest common factor of 15 and 7635.
15
Calculate the greatest common factor of 2584 and 952.
136
Calculate the greatest common divisor of 124 and 217.
31
What is the highest common divisor of 830 and 498?
166
What is the highest common factor of 865 and 1211?
173
Calculate the greatest common divisor of 380 and 170.
10
Calculate the highest common divisor of 29 and 2204.
29
What is the highest common divisor of 322 and 154?
14
Calculate the greatest common divisor of 105 and 30.
15
Calculate the highest common factor of 16 and 24.
8
What is the highest common factor of 1023 and 66?
33
What is the highest common factor of 1884 and 36?
12
What is the greatest common factor of 85 and 2193?
17
Calculate the greatest common divisor of 32 and 284.
4
What is the greatest common factor of 4508 and 1176?
196
Calculate the highest common factor of 140 and 28.
28
Calculate the highest common divisor of 50 and 225.
25
Calculate the greatest common divisor of 76 and 418.
38
What is the highest common factor of 22 and 1166?
22
What is the greatest common divisor of 16 and 56?
8
Calculate the highest common factor of 315 and 207.
9
What is the greatest common factor of 95 and 45?
5
What is the highest common factor of 650 and 50?
50
Calculate the greatest common factor of 320 and 2624.
64
Calculate the highest common factor of 1176 and 12642.
294
Calculate the highest common factor of 4669 and 203.
203
Calculate the greatest common factor of 54 and 351.
27
What is the highest common divisor of 14 and 294?
14
What is the highest common factor of 767 and 65?
13
Calculate the highest common factor of 16 and 3.
1
Calculate the greatest common factor of 41 and 5207.
41
What is the greatest common factor of 483 and 46?
23
Calculate the highest common divisor of 2108 and 68.
68
What is the greatest common factor of 187 and 99?
11
Calculate the greatest common factor of 98 and 294.
98
Calculate the highest common factor of 16 and 3000.
8
What is the greatest common divisor of 7 and 448?
7
Calculate the greatest common divisor of 1062 and 1206.
18
Calculate the greatest common divisor of 65 and 2756.
13
Calculate the greatest common divisor of 161 and 12719.
161
What is the highest common divisor of 160 and 256?
32
Calculate the highest common divisor of 12 and 87.
3
What is the highest common factor of 75 and 21?
3
Calculate the highest common factor of 146 and 3577.
73
Calculate the highest common divisor of 103 and 721.
103
What is the highest common factor of 133 and 28?
7
Calculate the greatest common divisor of 1308 and 168.
12
Calculate the greatest common divisor of 8 and 216.
8
Calculate th